3?
47, 139, 1291
List the prime factors of 659139.
3, 13, 16901
List the prime factors of 3201154.
2, 11, 227, 641
What are the prime factors of 317457?
3, 7, 5039
What are the prime factors of 372267?
3, 7, 19, 311
List the prime factors of 2366876.
2, 17, 34807
What are the prime factors of 312815?
5, 62563
What are the prime factors of 46776?
2, 3, 1949
List the prime factors of 42499847.
13, 17, 192307
What are the prime factors of 18319?
7, 2617
What are the prime factors of 17246887?
7, 2463841
List the prime factors of 4267394.
2, 2133697
What are the prime factors of 1975905?
3, 5, 19, 2311
What are the prime factors of 76692?
2, 3, 7, 11, 83
What are the prime factors of 16476429?
3, 5492143
List the prime factors of 244152.
2, 3, 3391
What are the prime factors of 130997?
101, 1297
List the prime factors of 17405437.
7, 71, 5003
List the prime factors of 8920025.
5, 19, 89, 211
What are the prime factors of 720596?
2, 17, 10597
List the prime factors of 847456.
2, 71, 373
List the prime factors of 2863909.
2863909
What are the prime factors of 2140975?
5, 85639
What are the prime factors of 327283?
11, 29753
List the prime factors of 17365710.
2, 3, 5, 578857
What are the prime factors of 24262?
2, 7, 1733
List the prime factors of 3832835.
5, 23, 33329
List the prime factors of 351407.
7, 17, 2953
List the prime factors of 506342.
2, 409, 619
What are the prime factors of 8771949?
3, 17, 29, 659
List the prime factors of 155932.
2, 7, 5569
List the prime factors of 2847575.
5, 113903
What are the prime factors of 1555458?
2, 3, 41, 6323
What are the prime factors of 800822?
2, 11, 89, 409
List the prime factors of 1064172.
2, 3, 88681
What are the prime factors of 19873?
7, 17, 167
List the prime factors of 626880.
2, 3, 5, 653
List the prime factors of 239781.
3, 257, 311
List the prime factors of 8390300.
2, 5, 83903
What are the prime factors of 189422?
2, 53, 1787
What are the prime factors of 196629?
3, 65543
What are the prime factors of 11554723?
31, 372733
List the prime factors of 1081641.
3, 11, 73, 449
What are the prime factors of 146895?
3, 5, 7, 1399
List the prime factors of 4691598.
2, 3, 499, 1567
What are the prime factors of 7162036?
2, 7, 36541
What are the prime factors of 165924?
2, 3, 11, 419
List the prime factors of 4793193.
3, 151, 3527
List the prime factors of 3355839.
3, 372871
What are the prime factors of 296469?
3, 32941
What are the prime factors of 679687?
19, 83, 431
What are the prime factors of 30431908?
2, 13, 37, 15817
What are the prime factors of 2267364?
2, 3, 11, 89, 193
What are the prime factors of 675417?
3, 149, 1511
What are the prime factors of 6315682?
2, 263, 12007
List the prime factors of 5100395.
5, 1020079
What are the prime factors of 8498496?
2, 3, 44263
What are the prime factors of 298761?
3, 53, 1879
List the prime factors of 868227.
3, 23, 12583
What are the prime factors of 987447?
3, 443, 743
What are the prime factors of 387788?
2, 29, 3343
What are the prime factors of 27069?
3, 7, 1289
List the prime factors of 20546.
2, 10273
List the prime factors of 12155796.
2, 3, 337661
What are the prime factors of 421133?
421133
List the prime factors of 2110075.
5, 11, 7673
What are the prime factors of 1139646?
2, 3, 17, 11173
List the prime factors of 1354652.
2, 13, 109, 239
List the prime factors of 963994.
2, 481997
What are the prime factors of 44040?
2, 3, 5, 367
List the prime factors of 61959.
3, 19, 1087
What are the prime factors of 838271?
7, 31, 3863
List the prime factors of 282327.
3, 94109
List the prime factors of 5501005.
5, 127, 8663
List the prime factors of 7046583.
3, 2348861
What are the prime factors of 1526007?
3, 7, 1483
What are the prime factors of 16094537?
839, 19183
What are the prime factors of 1292488?
2, 161561
What are the prime factors of 4315937?
277, 15581
List the prime factors of 218351.
7, 31193
List the prime factors of 10689077.
7, 19, 80369
What are the prime factors of 21445834?
2, 71, 151027
What are the prime factors of 1024865?
5, 204973
What are the prime factors of 1192603?
1192603
List the prime factors of 3609144.
2, 3, 7, 11, 31
What are the prime factors of 333432?
2, 3, 11, 421
List the prime factors of 1350399.
3, 23, 19571
What are the prime factors of 201553?
11, 73, 251
What are the prime factors of 1433958?
2, 3, 23, 10391
List the prime factors of 233374.
2, 116687
List the prime factors of 141005.
5, 28201
What are the prime factors of 14889986?
2, 7444993
What are the prime factors of 12617514?
2, 3, 7, 13, 7703
List the prime factors of 481901.
7, 43, 1601
List the prime factors of 686712.
2, 3, 13, 31, 71
List the prime factors of 1183298.
2, 591649
What are the prime factors of 741311?
53, 71, 197
What are the prime factors of 436744?
2, 7, 11, 709
List the prime factors of 101381.
7, 2069
List the prime factors of 24634907.
11, 2239537
List the prime factors of 686008.
2, 85751
What are the prime factors of 479684?
2, 119921
List the prime factors of 3230965.
5, 646193
List the prime factors of 636393.
3, 212131
List the prime factors of 968574.
2, 3, 109, 1481
What are the prime factors of 3856383?
3, 233, 613
List the prime factors of 2198534.
2, 13, 84559
List the prime factors of 303475.
5, 61, 199
List the prime factors of 770238.
2, 3, 7, 6113
List the prime factors of 398240.
2, 5, 19, 131
List the prime factors of 3956499.
3, 29, 31, 163
List the prime factors of 102714.
2, 3, 17, 19, 53
What are the prime factors of 436982?
2, 7, 13
What are the prime factors of 8744238?
2, 3, 457, 1063
List the prime factors of 7818557.
19, 411503
List the prime factors of 4254132.
2, 3, 241, 1471
List the prime factors of 569909.
53, 10753
What are the prime factors of 690985?
5, 138197
What are the prime factors of 1978370?
2, 5, 197837
List the prime factors of 13648.
2, 853
What are the prime factors of 17460694?
2, 1823, 4789
List the prime factors of 936059.
443, 2113
List the prime factors of 165757.
31, 5347
What are the prime factors of 283207?
283207
What are the prime factors of 901066?
2, 450533
What are the prime factors of 5295219?
3, 1097, 1609
List the prime factors of 2330719.
2330719
List the prime factors of 1758046.
2, 879023
List the prime factors of 2498425.
5, 37, 73
List the prime factors of 144044.
2, 36011
What are the prime factors of 1069388?
2, 101, 2647
List the prime factors of 688058.
2, 7, 17, 59
What are the prime factors of 37494095?
5, 17, 441107
List the prime factors of 1920877.
7, 137, 2003
List the prime factors of 3032980.
2, 5, 139, 1091
What are the prime factors of 6938216?
2, 97, 8941
What are the prime factors of 8801853?
3, 191, 15361
List the prime factors of 14799781.
79, 187339
List the prime factors of 5322940.
2, 5, 7, 193, 197
What are the prime factors of 3183297?
3, 13, 31, 2633
List the prime factors of 917231.
7, 18719
What are the prime factors of 180551?
7, 25793
List the prime factors of 107290.
2, 5, 10729
What are the prime factors of 9152679?
3, 43, 70951
List the prime factors of 2555463.
3, 851821
What are the prime factors of 701186?
2, 350593
List the prime factors of 16908033.
3, 107, 52673
List the prime factors of 2346483.
3, 23, 31, 1097
List the prime factors of 2177597.
2177597
List the prime factors of 7066527.
3, 13, 181193
List the prime factors of 231897.
3, 17, 4547
What are the prime factors of 156049?
29, 5381
What are the prime factors of 2896807?
157, 18451
List the prime factors of 6874192.
2, 13, 33049
What are the prime factors of 6099817?
19, 61, 277
List the prime factors of 524869.
524869
What are the prime factors of 25533711?
3, 7, 17, 883
What are the prime factors of 537257?
7, 23, 47, 71
What are the prime factors of 277501?
7, 29, 1367
What are the prime factors of 1519221?
3, 11, 19, 2423
What are the prime factors of 2211841?
23, 96167
List the prime factors of 198167.
53, 3739
List the prime factors of 167038.
2, 47, 1777
What are the prime factors of 20814122?
2, 7, 163, 1303
List the prime factors of 419164.
2, 43, 2437
What are the prime factors of 1181913?
3, 163, 2417
List the prime factors of 17901833.
17, 109, 9661
List the prime factors of 4571294.
2, 7, 13, 25117
What are the prime factors of 159505?
5, 19, 2